is f(184)?
23
Let d(z) = z**3 - 2*z**2 + 9*z + 7. Determine d(4).
75
Let o(p) = -37*p + 1259. Give o(34).
1
Let l(x) = -x**3 - 3*x**2 + 12*x - 7. Give l(-9).
371
Let g(j) = -j**3 - 6*j**2 - 25*j - 118. Give g(-6).
32
Let o(h) = -5*h**2 - 83*h - 4. Give o(-18).
-130
Let o(w) = 6*w**2 + 170*w - 25586. Calculate o(-81).
10
Let g(h) = h**2 - 74*h + 472. What is g(67)?
3
Let b(d) = -d**3 + 6*d**2 + 4*d - 68. Give b(6).
-44
Let k(y) = -25*y + 37. Give k(5).
-88
Let f(p) = 112*p**2 - 1120*p - 3. What is f(10)?
-3
Let o(v) = -v**2 - 22*v + 644. Give o(-38).
36
Let y(s) = -233*s**2 - 3490*s + 5. Calculate y(-15).
-70
Let x(q) = 51*q - 1535. Give x(30).
-5
Let l(o) = -13*o**2 + 134*o - 11. Determine l(10).
29
Let v(n) = 22*n**2 - 160*n + 65. Give v(7).
23
Let b(k) = 22*k**2 + 22*k + 3. What is b(-2)?
47
Let v(c) = -c**3 + 53*c**2 - 330*c + 63. Calculate v(7).
7
Let k(m) = 8462*m - 50773. Give k(6).
-1
Let u(r) = 3*r**2 + 276*r + 492. Determine u(-88).
-564
Let x(q) = -18*q + 5586. Determine x(310).
6
Let x(c) = 412*c + 2016. What is x(-5)?
-44
Let d(g) = g**2 - g - 567. Calculate d(-23).
-15
Let r(u) = 2*u**3 + 85*u**2 - 39*u + 138. What is r(-43)?
-34
Let i(d) = -2*d**2 - 71*d - 8. Give i(-33).
157
Let z(t) = 3*t**2 + 206*t - 598. Determine z(3).
47
Let k(i) = i**2 + 507*i - 1520. Give k(3).
10
Let o(p) = -3*p**3 - 6*p**2 - 17*p - 3. Calculate o(-3).
75
Let p(c) = 52*c + 338. What is p(-6)?
26
Let i(j) = 3*j**2 - 8*j - 11. Give i(6).
49
Let m(k) = -k**3 - k**2 + 550*k. What is m(-24)?
48
Let r(x) = -5*x - 27. Determine r(-5).
-2
Let h(b) = 35*b - 2998. Give h(81).
-163
Let n(i) = -13*i - 926. Determine n(-71).
-3
Let o(s) = -s**3 + 64*s**2 + 11*s - 706. Calculate o(64).
-2
Let p(d) = -d**2 + d + 12. What is p(5)?
-8
Let g(h) = 30*h + 37. Calculate g(-11).
-293
Let m(c) = 25*c - 393. Determine m(12).
-93
Let f(r) = 11*r + 793. What is f(-72)?
1
Let y(b) = 788*b - 8549. Calculate y(11).
119
Let m(y) = y**2 + 18*y + 59. What is m(-16)?
27
Let q(a) = 5*a**2 - 56*a - 19. Calculate q(14).
177
Let y(j) = -3*j**3 - 56*j**2 + 1278*j - 70. Give y(-32).
-6
Let a(m) = -738*m + 2217. Give a(3).
3
Let u(x) = 3*x**2 + 329*x - 788. Determine u(-112).
-4
Let z(l) = -l**3 + 26*l**2 + 70*l - 625. What is z(26)?
1195
Let i(a) = 2*a**2 - 83*a - 8878. Give i(-49).
-9
Let z(d) = 2*d**2 - 25*d + 70. Calculate z(12).
58
Let a(t) = -t**3 - 10*t**2 + 31*t + 78. What is a(-12)?
-6
Let i(p) = 21*p**2 - 2. Determine i(-1).
19
Let r(a) = a**3 - 42*a**2 + 259*a + 449. What is r(34)?
7
Let m(i) = -2*i**3 + 22*i + 38. Calculate m(-3).
26
Let u(g) = 8*g**2 - 87*g + 55. Give u(10).
-15
Let r(w) = -w**2 - 83*w + 1158. Give r(12).
18
Let g(o) = -96*o - 3586. Calculate g(-37).
-34
Let m(t) = -t**2 + 38*t + 609. What is m(-12)?
9
Let p(w) = w**3 + 7*w**2 - 21*w - 44. Calculate p(-7).
103
Let a(f) = 4*f**3 - 12*f**2 - 1214*f - 47. Determine a(19).
-9
Let b(z) = 366*z + 2188. Give b(-6).
-8
Let b(y) = -27*y**2 - 84*y - 72. Calculate b(-3).
-63
Let r(t) = 4*t + 209. Determine r(-44).
33
Let n(v) = 7*v - 22. What is n(5)?
13
Let l(v) = 2*v**3 + 43*v**2 - 28*v - 45. Give l(-22).
87
Let p(u) = 5*u**3 - 3*u**2 - 6*u - 20. Determine p(3).
70
Let u(n) = -27*n + 299. What is u(16)?
-133
Let f(r) = r**2 - r + 1. Calculate f(-4).
21
Let v(d) = -186*d + 15. Give v(-1).
201
Let q(r) = 1090*r - 1082. Give q(1).
8
Let i(l) = 186*l - 2596. What is i(14)?
8
Let p(h) = -h**2 - 121*h - 585. Give p(-5).
-5
Let w(g) = -11*g - 65. Give w(-9).
34
Let v(r) = -2*r**3 - 30*r**2 - 26*r - 383. Give v(-15).
7
Let x(g) = -5*g**2 + 12*g + 51. Calculate x(-3).
-30
Let o(r) = r**2 + 181*r + 3496. Give o(-19).
418
Let d(n) = 2010*n - 32190. Determine d(16).
-30
Let j(f) = -3*f**3 - 16*f**2 + 49*f + 263. Give j(-5).
-7
Let k(q) = q**3 - 28*q**2 + 162*q + 87. Calculate k(19).
-84
Let x(d) = 2*d**3 + 9*d**2 + 7*d + 13. Calculate x(-4).
1
Let q(n) = n**2 - 44*n + 202. What is q(39)?
7
Let s(q) = 74*q - 1387. Calculate s(19).
19
Let k(o) = o**3 - 11*o**2 + 3*o - 223. Calculate k(10).
-293
Let o(f) = -73*f - 2909. What is o(-40)?
11
Let z(w) = -882*w - 22944. What is z(-26)?
-12
Let h(y) = -2*y**2 + 74*y - 646. Give h(23).
-2
Let x(q) = 9*q**3 + 39*q**2 + 18*q + 30. Determine x(-4).
6
Let i(o) = 1039*o - 7255. Calculate i(7).
18
Let o(g) = -g**3 - 186*g**2 - 183*g + 356. Give o(-185).
-14
Let q(w) = 9810*w - 58853. Calculate q(6).
7
Let f(b) = -527*b - 12122. What is f(-23)?
-1
Let u(g) = -40*g - 335. Calculate u(-6).
-95
Let l(p) = -5*p**3 + 592*p**2 - 231*p - 597. Calculate l(118).
-7
Let v(k) = -2*k**3 + 54*k**2 - 57*k. Calculate v(26).
-130
Let m(k) = k**2 + 17*k - 942. Determine m(-42).
108
Let h(n) = 8*n**2 + 12*n - 5. Give h(3).
103
Let n(r) = -r**2 + 23*r - 22. What is n(1)?
0
Let x(m) = m**2 + 712*m - 108486. Calculate x(129).
3
Let q(i) = 29*i + 789. What is q(-17)?
296
Let o(p) = 45*p + 407. Determine o(-8).
47
Let q(f) = -9*f + 162. Give q(6).
108
Let i(g) = g**3 - 12*g**2 - 396*g + 132. Determine i(-15).
-3
Let d(a) = 53*a**2 - 1. Determine d(2).
211
Let j(b) = b**2 - 72*b - 638. Calculate j(-8).
2
Let u(h) = -h**2 - 121*h - 1200. Give u(-11).
10
Let p(r) = 3*r**2 + 75*r - 1330. What is p(12)?
2
Let v(t) = -390*t + 66. Give v(-3).
1236
Let w(n) = 15*n + 363. What is w(-21)?
48
Let s(n) = -2*n**3 + 11*n**2 + 6*n + 9. Give s(4).
81
Let y(q) = -172*q + 1697. What is y(10)?
-23
Let q(r) = 17*r - 18. Determine q(1).
-1
Let b(a) = -44*a**2 - 661*a - 18. Determine b(-15).
-3
Let h(f) = 340*f + 677. Calculate h(-2).
-3
Let s(u) = u**3 - u**2 - 213*u - 13. Calculate s(-14).
29
Let z(h) = -2*h - 201. Determine z(-31).
-139
Let m(l) = 129*l + 5012. What is m(-39)?
-19
Let f(b) = -686*b + 2774. What is f(4)?
30
Let d(h) = 11*h**3 + 3*h**2 - 197*h - 197. Determine d(-1).
-8
Let h(q) = -5*q**2 + 3*q + 15. Determine h(2).
1
Let n(g) = -3*g**3 + 39*g**2 + 30. Calculate n(13).
30
Let a(c) = -133*c - 4654. What is a(-35)?
1
Let p(c) = 122*c**3 + 12*c**2 - 8*c - 5. Calculate p(1).
121
Let c(j) = -3425*j - 27463. Determine c(-8).
-63
Let n(t) = 270*t - 2092. Calculate n(7).
-202
Let x(b) = -5*b**2 - 1081*b + 5299. Determine x(-221).
-5
Let i(v) = 22*v - 1704. What is i(78)?
12
Let z(d) = -89*d + 676. What is z(9)?
-125
Let y(o) = 2*o**2 + 608*o - 59. Determine y(0).
-59
Let g(z) = z**3 + 29*z**2 + 229*z + 273. Determine g(-14).
7
Let l(d) = -3*d**2 + 146*d - 287. Give l(2).
-7
Let f(a) = -75*a**2 - 3*a - 1. Determine f(-2).
-295
Let l(o) = -o**3 - 9*o**2 + 2*o - 81. Give l(-10).
-1
Let f(g) = 2*g**3 - 5*g**2 - 19*g - 93. Give f(-5).
-373
Let m(l) = -373*l - 764. Determine m(-2).
-18
Let n(z) = 415*z - 2906. Give n(7).
-1
Let s(d) = -64*d - 119. What is s(-1)?
-55
Let g(t) = t**2 + 33*t + 30. What is g(-45)?
570
Let r(i) = 2270*i + 15900. Calculate r(-7).
10
Let x(p) = -p + 72. Calculate x(41).
31
Let k(i) = -252*i - 4783. Give k(-19).
5
Let l(c) = 2*c**3 - 23*c**2 + 56*c - 505. Give l(11).
-10
Let c(x) = -2*x**2 - 52*x - 325. Give c(-12).
11
Let l(z) = 2*z**3 + 27*z**2 - 14*z + 34. What is l(-15)?
-431
Let p(i) = 5*i**2 - 31*i + 1. Determine p(-4).
205
Let k(s) = 2*s**2 - 38*s - 1214. Determine k(36).
10
Let v(q) = q**2 + 26*q - 659. What is v(-41)?
-44
Let s(t) = 835*t + 101. Give s(1).
936
Let y(z) = -z**3 - 5*z**2 + 8*z - 145. Determine y(-9).
107
Let p(k) = -52*k**3 + 8*k**2 + 13*k + 13. Give p(-2).
435
Let l(m) = -m**2 + 31*m - 115. Calculate l(42).
-577
Let q(m) = m**3 - 77*m**2 - 144*m - 199. What is q(79)?
907
Let b(x) = 17*x + 310. Determine b(-16).
38
Let u(c) = 1844*c + 53499. Determine u(-29).
23
Let z(y) = -10*y**2 + 39*y + 5. Calculate z(4).
1
Let r(u) = -u**3 + 15*u**2 + 23*u - 17. Calculate r(12).
691
Let t(j) = -2*j**2 + 255*j - 1907. Give t(8).
5
Let x(h) = -h**2 - 77*h + 2327. Calculate x(26).
-351
Let y(x) = x**2 - 48*x + 445. What is y(13)?
-10
Let c(b) = 2*b**2 + 29*b - 184. What is c(7)?
117
Let n(k) = 90*k**3 + 14*k**2 + 6*k - 21. Calculate n(1).
89
Let p(u) = u**3 + 40*u**2 + 42*u + 146. Give p(-39).
29
Let u(y) = -2*y**3 + 12*y**2 + 15*y + 17. Determine u(6).
107
Let o(d) = d**3 + 15*d**2 + 17*d + 40. Determine o(-14).
-2
Let y(v) = -2*v**3 - 24*v**2 + 5*v + 24. Determine y(-12).
-36
Let u(o) = -5*o**2 - 184*o + 363. Determine u(2).
-25
Let f(m) = 4*m**3 + 507*m**2 - 127*m - 34. What is f(-127)?
-34
Let m(a)